09607
What are the prime factors of 156832242?
2, 3, 7, 17, 31379
List the prime factors of 180347080.
2, 5, 857, 5261
What are the prime factors of 808603817?
7, 1049, 110119
What are the prime factors of 363149056?
2, 1418551
List the prime factors of 185530449.
3, 13, 73, 65167
What are the prime factors of 28943070?
2, 3, 5, 13, 47, 1579
What are the prime factors of 44642031?
3, 7, 71, 79, 379
List the prime factors of 809320186.
2, 6389, 63337
What are the prime factors of 10339855?
5, 149, 13879
What are the prime factors of 287641984?
2, 7, 251, 1279
List the prime factors of 821737003.
139, 5911777
What are the prime factors of 2580673473?
3, 7, 13654357
What are the prime factors of 982376038?
2, 7, 19, 73, 50591
List the prime factors of 580157781.
3, 7, 27626561
List the prime factors of 35874996.
2, 3, 163, 18341
List the prime factors of 1431420394.
2, 18523, 38639
List the prime factors of 73024305.
3, 5, 67, 72661
What are the prime factors of 3762450158?
2, 479, 1013, 3877
What are the prime factors of 235990870?
2, 5, 283, 83389
What are the prime factors of 43393680?
2, 3, 5, 11, 5479
What are the prime factors of 40187843?
43, 523, 1787
List the prime factors of 179078035.
5, 1499, 23893
List the prime factors of 28478811.
3, 9492937
List the prime factors of 140287515.
3, 5, 167, 56003
What are the prime factors of 1837748112?
2, 3, 107, 357817
What are the prime factors of 4932509337?
3, 7, 8699311
List the prime factors of 12860131.
19, 617, 1097
What are the prime factors of 65666204?
2, 19, 864029
What are the prime factors of 28944009?
3, 83, 38747
What are the prime factors of 4571291082?
2, 3, 3823, 199289
List the prime factors of 235733233.
23, 1097, 9343
List the prime factors of 3680419371.
3, 1489, 823913
List the prime factors of 750286570.
2, 5, 11, 1597, 4271
List the prime factors of 20415695.
5, 71, 131, 439
What are the prime factors of 445239412?
2, 107, 1009, 1031
List the prime factors of 3750178689.
3, 138895507
List the prime factors of 46752243.
3, 2749, 5669
List the prime factors of 418661079.
3, 139553693
List the prime factors of 642092561.
11, 37, 1577623
What are the prime factors of 453529116?
2, 3, 113, 111487
What are the prime factors of 54517767?
3, 29, 109, 5749
List the prime factors of 203692656.
2, 3, 4243597
What are the prime factors of 55792701?
3, 59, 105071
List the prime factors of 889680440.
2, 5, 11, 521, 3881
What are the prime factors of 130485833?
139, 938747
List the prime factors of 122522146.
2, 19, 3224267
List the prime factors of 66441344.
2, 37, 14029
What are the prime factors of 266924891?
47, 97, 58549
List the prime factors of 593625607.
19, 23, 1358411
What are the prime factors of 1687000393?
13, 59, 2199479
List the prime factors of 2140288703.
7, 173, 1767373
What are the prime factors of 259544079?
3, 157, 183683
List the prime factors of 15376438.
2, 7, 11, 29, 313
List the prime factors of 513458404.
2, 128364601
What are the prime factors of 29669864?
2, 7, 529819
What are the prime factors of 51595953?
3, 751, 22901
List the prime factors of 472120461.
3, 757, 23099
List the prime factors of 2466697094.
2, 31, 39785437
List the prime factors of 61508749.
61508749
List the prime factors of 71345973.
3, 31, 767161
What are the prime factors of 307216811?
11, 43, 649507
What are the prime factors of 2639303291?
23, 41, 2798837
What are the prime factors of 7649715297?
3, 7, 139, 2620663
List the prime factors of 56668306.
2, 607, 46679
List the prime factors of 1613912475.
3, 5, 7, 587, 5237
List the prime factors of 61214646.
2, 3, 31, 329111
What are the prime factors of 284668096?
2, 47, 101, 937
List the prime factors of 221510333.
11, 281, 71663
What are the prime factors of 3848209740?
2, 3, 5, 337, 63439
List the prime factors of 74838001.
7, 10691143
What are the prime factors of 320871666?
2, 3, 23, 1193, 1949
What are the prime factors of 100726889?
29, 3473341
List the prime factors of 260536661.
7, 11, 3383593
What are the prime factors of 46967357?
23, 2042059
What are the prime factors of 67852858?
2, 97, 397, 881
List the prime factors of 187736215.
5, 37547243
What are the prime factors of 337239339?
3, 59, 163, 11689
List the prime factors of 102654833.
102654833
List the prime factors of 119088546.
2, 3, 31, 640261
List the prime factors of 2754685234.
2, 7, 29, 31, 31267
What are the prime factors of 33208551?
3, 1423, 2593
What are the prime factors of 61664594?
2, 30832297
What are the prime factors of 458840386?
2, 19, 23, 27631
List the prime factors of 466995228.
2, 3, 7, 79, 70373
What are the prime factors of 48837898?
2, 24418949
List the prime factors of 862378211.
53, 16271287
List the prime factors of 43391232.
2, 3, 37, 509
What are the prime factors of 1351350?
2, 3, 5, 7, 11, 13
What are the prime factors of 838992544?
2, 13, 53, 38053
List the prime factors of 524773384.
2, 65596673
List the prime factors of 633117021.
3, 23, 1429, 6421
List the prime factors of 9772867.
13, 751759
List the prime factors of 588226878.
2, 3, 32679271
List the prime factors of 818483933.
173, 839, 5639
What are the prime factors of 626184179?
97, 379, 17033
List the prime factors of 51071591.
743, 68737
What are the prime factors of 45729077?
37, 61, 20261
What are the prime factors of 366337590?
2, 3, 5, 17, 53, 13553
List the prime factors of 987347404.
2, 23, 41, 261757
List the prime factors of 1652450267.
13, 1303, 97553
What are the prime factors of 6521966?
2, 11, 31, 73, 131
List the prime factors of 1413548176.
2, 1201, 73561
What are the prime factors of 115796729?
1759, 65831
List the prime factors of 1019858994.
2, 3, 7, 11, 735829
List the prime factors of 2871452949.
3, 17, 56302999
List the prime factors of 246206368.
2, 829, 9281
List the prime factors of 60468974.
2, 67, 311, 1451
What are the prime factors of 41996998?
2, 37, 567527
List the prime factors of 529351487.
7, 75621641
What are the prime factors of 2133686864?
2, 17, 7844437
What are the prime factors of 3458012336?
2, 73, 757, 3911
What are the prime factors of 44666337?
3, 673, 22123
What are the prime factors of 45351663?
3, 7, 47, 45949
List the prime factors of 167339960.
2, 5, 4183499
What are the prime factors of 755244297?
3, 337, 83003
What are the prime factors of 279164343?
3, 93054781
What are the prime factors of 1264860637?
191, 6622307
What are the prime factors of 267496019?
7, 911, 41947
What are the prime factors of 952710696?
2, 3, 7, 1890299
List the prime factors of 94122977.
13, 487, 14867
List the prime factors of 145136475.
3, 5, 11, 1777
What are the prime factors of 66081730?
2, 5, 11, 13, 4201
What are the prime factors of 2811322587?
3, 227, 499, 8273
What are the prime factors of 849642560?
2, 5, 13, 167, 1223
What are the prime factors of 7953004?
2, 1988251
List the prime factors of 37754113.
47, 239, 3361
What are the prime factors of 34162666?
2, 17081333
What are the prime factors of 725946428?
2, 199, 839, 1087
What are the prime factors of 76290174?
2, 3, 470927
What are the prime factors of 23431692?
2, 3, 1952641
What are the prime factors of 75479848?
2, 9434981
List the prime factors of 9653700855.
3, 5, 31, 79, 317, 829
List the prime factors of 34296280.
2, 5, 857407
List the prime factors of 3735197859.
3, 19, 433, 151339
List the prime factors of 1139915475.
3, 5, 5066291
What are the prime factors of 294204270?
2, 3, 5, 23, 426383
What are the prime factors of 92891401?
859, 108139
What are the prime factors of 6543918183?
3, 11, 601, 329951
What are the prime factors of 43977819?
3, 373, 39301
What are the prime factors of 223393252?
2, 131, 263, 1621
What are the prime factors of 430189?
71, 73, 83
List the prime factors of 1941060996.
2, 3, 7, 37, 23131
List the prime factors of 51786653.
51786653
What are the prime factors of 1067780891?
37, 733, 39371
List the prime factors of 271098603.
3, 10040689
What are the prime factors of 1966185562?
2, 11, 107, 835253
What are the prime factors of 267997790?
2, 5, 31, 864509
List the prime factors of 46408369.
7, 71, 93377
List the prime factors of 1590296802.
2, 3, 265049467
List the prime factors of 383785513.
383785513
What are the prime factors of 234046868?
2, 11